*3 + 6*j**2 - 9*j - 7. Give d(-7).
7
Let p(b) = -b - 6. Give p(2).
-8
Let l(b) = 13*b**2 - b - 1. What is l(-1)?
13
Let f(m) = -2*m**2 - 15*m - 22. Determine f(-4).
6
Let n(r) = 2*r**3 + 6*r**2 - 5*r + 5. Calculate n(-5).
-70
Let l(v) = v**3 + v**2 - 7*v - 5. Determine l(-4).
-25
Let x(g) = 5*g - 84. What is x(17)?
1
Let u(m) = 4*m**2 - 2*m - 3. Give u(-1).
3
Let q(p) = -10*p + 1. What is q(-1)?
11
Let q(s) = -5*s**2 - 4*s - 4. Determine q(-1).
-5
Let v(r) = -16*r + 4. Calculate v(-1).
20
Let s(b) = b**2 + 42*b + 114. Calculate s(-39).
-3
Let r(a) = 2*a**2 + 13*a. Determine r(-7).
7
Let y(x) = -6*x - 32. Give y(-6).
4
Let u(f) = -f**3 - 18*f**2 - 20*f - 24. Give u(-17).
27
Let f(g) = -g**2 - 32*g - 92. Determine f(-30).
-32
Let q(i) = i**2 - 11*i + 11. Give q(12).
23
Let b(r) = r**3 - 14*r**2 - 17*r + 38. Determine b(15).
8
Let h(n) = -12*n**3 + 5*n**2 - 3*n - 1. What is h(1)?
-11
Let s(y) = -y**2 - 25*y - 10. Give s(-18).
116
Let m(j) = j - 24. Give m(8).
-16
Let q(j) = -5*j - 46. Give q(-8).
-6
Let f(k) = -k**2 + 10*k - 1. Calculate f(9).
8
Let z(c) = 4*c + 4. Determine z(5).
24
Let c(z) = -z**3 - 13*z**2 + 21*z + 19. Calculate c(-14).
-79
Let q(y) = -2*y - 40. What is q(0)?
-40
Let d(k) = -k**2 - k - 1. Give d(0).
-1
Let o(s) = s**3 + 26*s**2 - 18*s + 254. Determine o(-27).
11
Let j(a) = -a**3 - 6*a**2 - 5*a - 7. What is j(-5)?
-7
Let r(v) = -3*v + 6. Calculate r(0).
6
Let c(z) = -3*z**2 + 5*z + 11. What is c(-3)?
-31
Let j(m) = -2*m - 10. Calculate j(9).
-28
Let u(t) = t**3 + 5*t**2 + 4*t - 6. Determine u(-4).
-6
Let t(l) = l**2 - 19*l + 29. Determine t(17).
-5
Let w(f) = -f**3 + 6*f**2 + 4*f - 7. Calculate w(6).
17
Let h(z) = -z**3 - 6*z**2 + 21*z + 9. Determine h(-8).
-31
Let h(p) = p**3 + 13*p**2 - 17*p - 57. What is h(-14)?
-15
Let k(r) = -r**2 - 18. Calculate k(0).
-18
Let f(h) = -2*h - 28. Give f(-10).
-8
Let b(j) = j**3 - 42*j**2 + 83*j - 110. What is b(40)?
10
Let o(l) = l**2 + 6*l - 21. What is o(-10)?
19
Let n(m) = -2*m - 17. Give n(-4).
-9
Let c(m) = 28*m - 113. Calculate c(4).
-1
Let m(t) = -t**3 + 7*t**2 + 144*t + 4. Give m(-9).
4
Let k(m) = -m**3 + 19*m**2 + 20*m - 9. Calculate k(20).
-9
Let z(t) = t**2 - 27*t + 177. Calculate z(12).
-3
Let u(m) = -2*m + 7. What is u(7)?
-7
Let m(u) = u**2 - 10*u + 14. Determine m(7).
-7
Let w(r) = 3*r**2 - 2*r - 2. Give w(-2).
14
Let i(c) = -14*c + 66. What is i(7)?
-32
Let j(z) = z**2 + 15*z + 63. What is j(-9)?
9
Let n(d) = -d**2 - 17*d - 32. What is n(-15)?
-2
Let z(g) = g**3 + 11*g**2 - 10. What is z(-11)?
-10
Let k(o) = -20*o**2 + 2*o. Give k(1).
-18
Let u(h) = 21*h**3 - h**2 + h + 3. Calculate u(-1).
-20
Let m(o) = o**3 + 4*o**2 + 5*o - 3. What is m(-4)?
-23
Let x(b) = -6*b + 5. Determine x(-3).
23
Let v(x) = -2*x + 13. Give v(11).
-9
Let j(g) = -6*g + 2. Determine j(9).
-52
Let u(c) = c**3 + 14*c**2 - 36*c - 22. Give u(-16).
42
Let z(s) = 33*s**2 + s + 1. Give z(-1).
33
Let o(n) = -n**3 + 9*n**2 + 12*n - 10. Calculate o(10).
10
Let n(q) = -q**2 + 16*q + 57. Give n(19).
0
Let w(f) = -f**2 + 54*f - 24. Determine w(53).
29
Let f(r) = -r**2 + 72*r - 892. Calculate f(56).
4
Let z(i) = i**2 - 21*i - 38. What is z(20)?
-58
Let h(c) = 2*c**2 - 19*c - 57. Determine h(12).
3
Let m(u) = 3*u**3 - 44*u**2 - 10*u - 77. Calculate m(15).
-2
Let n(s) = 4*s + 7. Calculate n(-9).
-29
Let r(s) = s**2 - 12*s - 14. What is r(14)?
14
Let q(f) = -3*f**2 - 2*f + 1. Give q(1).
-4
Let m(w) = -5*w**3 + 3*w. Give m(2).
-34
Let x(p) = -12*p + 45. What is x(4)?
-3
Let z(b) = -b**3 + 66*b**2 + b - 75. What is z(66)?
-9
Let s(d) = -29*d - 171. What is s(-6)?
3
Let b(r) = -r**3 + 5*r**2 + 9*r + 2. Calculate b(7).
-33
Let t(b) = b**3 - 7*b**2 + 8*b + 7. Calculate t(5).
-3
Let y(v) = 2*v + 17. Calculate y(5).
27
Let q(d) = d + 1. Determine q(4).
5
Let d(z) = 4*z - 2. Give d(-4).
-18
Let r(g) = -g**3 - 19*g**2 - 5. Give r(-19).
-5
Let f(x) = -4*x - 17. Determine f(-4).
-1
Let c(g) = -8*g - 42. Calculate c(-8).
22
Let f(x) = -x**2 - 21*x - 85. What is f(-15)?
5
Let q(l) = l - 19. What is q(12)?
-7
Let j(f) = 36*f + 1. What is j(1)?
37
Let o(b) = -3*b + 7. Give o(-4).
19
Let i(g) = g**2 + 23*g + 80. What is i(-19)?
4
Let t(a) = a**3 + 16*a**2 + 29*a + 21. Determine t(-14).
7
Let f(l) = -5*l**3 - 3*l**2 - 5*l - 2. What is f(-2)?
36
Let q(t) = 177*t - 1408. Determine q(8).
8
Let d(l) = -35*l**2 + l + 2. Determine d(-1).
-34
Let i(r) = -r**3 - 3*r**2 - r - 4. What is i(-3)?
-1
Let x(l) = -l**3 - 6*l**2 - l + 3. Give x(-5).
-17
Let d(y) = y**3 - y**2 + y - 12. Determine d(0).
-12
Let t(h) = h**2 - 11*h + 20. What is t(8)?
-4
Let p(c) = -17*c - 7. What is p(-2)?
27
Let d(l) = -l**2 + 6*l - 3. Give d(2).
5
Let a(d) = -d**2 + 5*d + 41. Calculate a(0).
41
Let q(r) = -r**2 + 9*r - 13. Determine q(8).
-5
Let x(a) = -a - 3. Calculate x(1).
-4
Let i(k) = 5*k + 5. Determine i(2).
15
Let g(i) = -19*i - 910. What is g(-48)?
2
Let h(j) = 2*j**2 - j - 2. What is h(3)?
13
Let f(t) = -t**2 - 8*t - 12. What is f(-9)?
-21
Let t(b) = 24*b**2 - 11*b + 19. Give t(2).
93
Let s(k) = -3*k - 1. Determine s(12).
-37
Let h(o) = o**2 - 5*o - 9. What is h(2)?
-15
Let z(f) = f - 4. Give z(6).
2
Let m(k) = -10*k**2 + k. Determine m(1).
-9
Let p(v) = v**2 - 16*v + 23. Determine p(17).
40
Let s(f) = f**3 + f**2 - f + 5. What is s(4)?
81
Let l(r) = r**3 + 16*r**2 - 16*r + 23. What is l(-17)?
6
Let p(m) = -m**3 + 2*m**2 + 2*m - 3. Determine p(3).
-6
Let g(a) = 6*a + 79. Determine g(8).
127
Let q(m) = m**2 - 5*m. Determine q(4).
-4
Let l(g) = g**3 - 4*g**2 - g. What is l(4)?
-4
Let z(f) = 4*f**2 - 38*f + 26. Give z(9).
8
Let c(k) = -k**2 - 14*k - 27. Calculate c(-14).
-27
Let b(y) = -2*y**3 + 4*y**2 - 2*y. Calculate b(2).
-4
Let s(n) = -6*n + 3. What is s(2)?
-9
Let w(s) = s**2 - 17*s - 59. What is w(21)?
25
Let i(x) = 10*x**3 - x**2 + 3*x + 4. Give i(-1).
-10
Let t(h) = 6*h - 17. Give t(-12).
-89
Let b(r) = -3*r. Determine b(5).
-15
Let h(k) = 7*k + 7. What is h(-2)?
-7
Let n(s) = -s**2 + 11*s - 7. Determine n(11).
-7
Let t(p) = 4*p**3 + 2. What is t(-2)?
-30
Let y(a) = 2*a**2 + a + 3. Determine y(-3).
18
Let w(j) = j**3 + 35*j**2 - 38*j - 14. Calculate w(-36).
58
Let h(r) = -14*r - 173. Determine h(-10).
-33
Let j(n) = n**3 + 10*n**2 - 9*n + 8. Give j(-11).
-14
Let k(b) = -3*b**3 + 6*b + 3. Determine k(3).
-60
Let a(g) = -17*g - 9. Determine a(7).
-128
Let f(z) = 5*z**3 - 4*z**2 + 4. Determine f(2).
28
Let s(k) = -k**3 - 9*k**2 + 19*k - 15. Calculate s(-11).
18
Let a(n) = n**2 - 6*n - 7. Determine a(6).
-7
Let l(w) = w**2 + 35*w - 20. Give l(-36).
16
Let v(h) = -h - 10. Calculate v(-14).
4
Let w(z) = -180*z - 1796. Determine w(-10).
4
Let l(n) = n**3 + 2*n**2 + 3*n + 1. Give l(-3).
-17
Let w(h) = -h**3 + 10*h**2 - 6*h - 17. What is w(6)?
91
Let d(p) = p**2 + 9*p - 6. Determine d(-7).
-20
Let y(u) = 4*u**3 - 2*u**2 + 2*u - 2. Determine y(1).
2
Let d(h) = 12*h - 7. What is d(1)?
5
Let r(q) = 2*q + 24. Determine r(-15).
-6
Let n(t) = -2*t**3 + 17*t**2 + 5*t + 5. Calculate n(9).
-31
Let t(a) = a**3 - 8*a**2 + a - 5. Calculate t(4).
-65
Let a(c) = c**3 - 9*c**2 - 8*c - 13. What is a(10)?
7
Let p(g) = -6*g**3 - 2*g**2 + 2. What is p(1)?
-6
Let h(p) = -3*p**2 - 2. Give h(-4).
-50
Let l(t) = 18*t + 11. Calculate l(-2).
-25
Let r(i) = i**3 + 11*i**2 - 9*i - 23. What is r(-12)?
-59
Let i(u) = -3*u**2 + 3*u - 3. Determine i(4).
-39
Let o(j) = 4*j**2 + 5*j - 13. What is o(3)?
38
Let o(p) = 44*p**2 + 1. What is o(-1)?
45
Let n(b) = b + 8. Give n(-6).
2
Let w(t) = -2*t**2 - 10*t + 29. Give w(-7).
1
Let b(o) = -10*o - 9. What is b(-2)?
11
Let k(l) = l**3 + 8*l**2 - 2*l - 11. Determine k(-8).
5
Let b(r) = -2*r**3 + 11*r**2 - 6*r + 9. Determine b(6).
-63
Let c(i) = 10*i**2 - i - 5. Give c(-3).
88
Let i(k) = -2*k**2 - 6*k + 1. Determine i(-2).
5
Let d(u) = -u + 17. What is d(-10)?
27
Let d(g) = 5*g + 56. Calculate d(-13).
-9
Let w(v) = -v**2 - 7*v - 5. Determine w(-6).
1
Let l(p) = 8*p. Give l(-2).
-16
Let b(f) = 3*f - 20. What is b(14)?
22
Let g(l) = -11*l**2 + 3*l + 1. Determine g(2).
-37
Let a(x) = 5*x**2 - 39*x - 38. What is a(-1)?
6
Let k(p) = 4*p + 117. What is k(-30)?
-3
Let w(c) = c**3 - 5*c**2 - c + 5. Calculate w(4).
-15
Let i(f) = -2*f**2 - 3*f + 6. What is i(-5)?
-29
Let k(g) = -g**2 + 6*g + 7. Determine k(-6).
-65
Let d(g) = -13*g + 198. Give d(16).
-10
Let n